{"id":69,"date":"2026-04-07T22:54:14","date_gmt":"2026-04-07T22:54:14","guid":{"rendered":"https:\/\/colegio.comfatolima.com.co\/index.php\/marco-normativo\/"},"modified":"2026-04-08T15:36:04","modified_gmt":"2026-04-08T15:36:04","slug":"marco-normativo","status":"publish","type":"page","link":"https:\/\/micolegiocomfatolima.edu.co\/index.php\/marco-normativo\/","title":{"rendered":"Marco Normativo"},"content":{"rendered":"\n<p>El Colegio Comfatolima \u201cAna Julia Suarez de Zorroza\u201d comprometido con la formaci\u00f3n de ni\u00f1os, adolescentes y j\u00f3venes apropiados de conciencia ecol\u00f3gica, brinda una educaci\u00f3n integral y de calidad en los niveles de educaci\u00f3n formal (Preescolar, b\u00e1sica y media) mediante propuestas pedag\u00f3gicas participativas, contextualizadas e innovadoras que llevan a la formaci\u00f3n de las competencias cognitivas, afectivas y ciudadanas de sus estudiantes para que sean ellos quienes contribuyan al desarrollo de la regi\u00f3n, la construcci\u00f3n de la paz y la sana convivencia.<\/p>\n\n\n\n<h3 class=\"wp-block-heading\">Manual de Convivencia<\/h3>\n\n\n\n<p><\/p>\n","protected":false},"excerpt":{"rendered":"<p>El Colegio Comfatolima \u201cAna Julia Suarez de Zorroza\u201d comprometido con la formaci\u00f3n de ni\u00f1os, adolescentes y j\u00f3venes apropiados de conciencia ecol\u00f3gica, brinda una educaci\u00f3n integral y de calidad en los niveles de educaci\u00f3n formal (Preescolar, b\u00e1sica y media) mediante propuestas pedag\u00f3gicas participativas, contextualizadas e innovadoras que llevan a la formaci\u00f3n de las competencias cognitivas, afectivas [&hellip;]<\/p>\n","protected":false},"author":1,"featured_media":52,"parent":0,"menu_order":0,"comment_status":"closed","ping_status":"closed","template":"","meta":{"footnotes":""},"class_list":["post-69","page","type-page","status-publish","has-post-thumbnail","hentry"],"yoast_head":"<!-- This site is optimized with the Yoast SEO plugin v27.3 - https:\/\/yoast.com\/product\/yoast-seo-wordpress\/ -->\n<title>Marco Normativo - colegio comfatolima Ana Julia Su\u00e1rez de Zorroza<\/title>\n<meta name=\"robots\" content=\"index, follow, max-snippet:-1, max-image-preview:large, max-video-preview:-1\" \/>\n<link rel=\"canonical\" href=\"https:\/\/micolegiocomfatolima.edu.co\/index.php\/marco-normativo\/\" \/>\n<meta property=\"og:locale\" content=\"es_ES\" \/>\n<meta property=\"og:type\" content=\"article\" \/>\n<meta property=\"og:title\" content=\"Marco Normativo - colegio comfatolima Ana Julia Su\u00e1rez de Zorroza\" \/>\n<meta property=\"og:description\" content=\"El Colegio Comfatolima \u201cAna Julia Suarez de Zorroza\u201d comprometido con la formaci\u00f3n de ni\u00f1os, adolescentes y j\u00f3venes apropiados de conciencia ecol\u00f3gica, brinda una educaci\u00f3n integral y de calidad en los niveles de educaci\u00f3n formal (Preescolar, b\u00e1sica y media) mediante propuestas pedag\u00f3gicas participativas, contextualizadas e innovadoras que llevan a la formaci\u00f3n de las competencias cognitivas, afectivas [&hellip;]\" \/>\n<meta property=\"og:url\" content=\"https:\/\/micolegiocomfatolima.edu.co\/index.php\/marco-normativo\/\" \/>\n<meta property=\"og:site_name\" content=\"colegio comfatolima Ana Julia Su\u00e1rez de Zorroza\" \/>\n<meta property=\"article:modified_time\" content=\"2026-04-08T15:36:04+00:00\" \/>\n<meta property=\"og:image\" content=\"https:\/\/micolegiocomfatolima.edu.co\/wp-content\/uploads\/2026\/04\/IMG_20260407_111911105_HDR.jpg\" \/>\n\t<meta property=\"og:image:width\" content=\"2048\" \/>\n\t<meta property=\"og:image:height\" content=\"1536\" \/>\n\t<meta property=\"og:image:type\" content=\"image\/jpeg\" \/>\n<meta name=\"twitter:card\" content=\"summary_large_image\" \/>\n<meta name=\"twitter:label1\" content=\"Tiempo de lectura\" \/>\n\t<meta name=\"twitter:data1\" content=\"1 minuto\" \/>\n<script type=\"application\/ld+json\" class=\"yoast-schema-graph\">{\"@context\":\"https:\\\/\\\/schema.org\",\"@graph\":[{\"@type\":\"WebPage\",\"@id\":\"https:\\\/\\\/micolegiocomfatolima.edu.co\\\/index.php\\\/marco-normativo\\\/\",\"url\":\"https:\\\/\\\/micolegiocomfatolima.edu.co\\\/index.php\\\/marco-normativo\\\/\",\"name\":\"Marco Normativo - colegio comfatolima Ana Julia Su\u00e1rez de Zorroza\",\"isPartOf\":{\"@id\":\"https:\\\/\\\/micolegiocomfatolima.edu.co\\\/#website\"},\"primaryImageOfPage\":{\"@id\":\"https:\\\/\\\/micolegiocomfatolima.edu.co\\\/index.php\\\/marco-normativo\\\/#primaryimage\"},\"image\":{\"@id\":\"https:\\\/\\\/micolegiocomfatolima.edu.co\\\/index.php\\\/marco-normativo\\\/#primaryimage\"},\"thumbnailUrl\":\"https:\\\/\\\/micolegiocomfatolima.edu.co\\\/wp-content\\\/uploads\\\/2026\\\/04\\\/IMG_20260407_111911105_HDR.jpg\",\"datePublished\":\"2026-04-07T22:54:14+00:00\",\"dateModified\":\"2026-04-08T15:36:04+00:00\",\"breadcrumb\":{\"@id\":\"https:\\\/\\\/micolegiocomfatolima.edu.co\\\/index.php\\\/marco-normativo\\\/#breadcrumb\"},\"inLanguage\":\"es\",\"potentialAction\":[{\"@type\":\"ReadAction\",\"target\":[\"https:\\\/\\\/micolegiocomfatolima.edu.co\\\/index.php\\\/marco-normativo\\\/\"]}]},{\"@type\":\"ImageObject\",\"inLanguage\":\"es\",\"@id\":\"https:\\\/\\\/micolegiocomfatolima.edu.co\\\/index.php\\\/marco-normativo\\\/#primaryimage\",\"url\":\"https:\\\/\\\/micolegiocomfatolima.edu.co\\\/wp-content\\\/uploads\\\/2026\\\/04\\\/IMG_20260407_111911105_HDR.jpg\",\"contentUrl\":\"https:\\\/\\\/micolegiocomfatolima.edu.co\\\/wp-content\\\/uploads\\\/2026\\\/04\\\/IMG_20260407_111911105_HDR.jpg\",\"width\":2048,\"height\":1536,\"caption\":\"Cancha sint\u00e9tica\"},{\"@type\":\"BreadcrumbList\",\"@id\":\"https:\\\/\\\/micolegiocomfatolima.edu.co\\\/index.php\\\/marco-normativo\\\/#breadcrumb\",\"itemListElement\":[{\"@type\":\"ListItem\",\"position\":1,\"name\":\"Portada\",\"item\":\"https:\\\/\\\/micolegiocomfatolima.edu.co\\\/\"},{\"@type\":\"ListItem\",\"position\":2,\"name\":\"Marco Normativo\"}]},{\"@type\":\"WebSite\",\"@id\":\"https:\\\/\\\/micolegiocomfatolima.edu.co\\\/#website\",\"url\":\"https:\\\/\\\/micolegiocomfatolima.edu.co\\\/\",\"name\":\"colegio comfatolima Ana Julia Su\u00e1rez de Zorroza\",\"description\":\"\",\"publisher\":{\"@id\":\"https:\\\/\\\/micolegiocomfatolima.edu.co\\\/#organization\"},\"potentialAction\":[{\"@type\":\"SearchAction\",\"target\":{\"@type\":\"EntryPoint\",\"urlTemplate\":\"https:\\\/\\\/micolegiocomfatolima.edu.co\\\/?s={search_term_string}\"},\"query-input\":{\"@type\":\"PropertyValueSpecification\",\"valueRequired\":true,\"valueName\":\"search_term_string\"}}],\"inLanguage\":\"es\"},{\"@type\":\"Organization\",\"@id\":\"https:\\\/\\\/micolegiocomfatolima.edu.co\\\/#organization\",\"name\":\"colegio comfatolima Ana Julia Su\u00e1rez de Zorroza\",\"url\":\"https:\\\/\\\/micolegiocomfatolima.edu.co\\\/\",\"logo\":{\"@type\":\"ImageObject\",\"inLanguage\":\"es\",\"@id\":\"https:\\\/\\\/micolegiocomfatolima.edu.co\\\/#\\\/schema\\\/logo\\\/image\\\/\",\"url\":\"https:\\\/\\\/micolegiocomfatolima.edu.co\\\/wp-content\\\/uploads\\\/2026\\\/04\\\/colegio-comfatolima.png\",\"contentUrl\":\"https:\\\/\\\/micolegiocomfatolima.edu.co\\\/wp-content\\\/uploads\\\/2026\\\/04\\\/colegio-comfatolima.png\",\"width\":203,\"height\":150,\"caption\":\"colegio comfatolima Ana Julia Su\u00e1rez de Zorroza\"},\"image\":{\"@id\":\"https:\\\/\\\/micolegiocomfatolima.edu.co\\\/#\\\/schema\\\/logo\\\/image\\\/\"}}]}<\/script>\n<!-- \/ Yoast SEO plugin. -->","yoast_head_json":{"title":"Marco Normativo - colegio comfatolima Ana Julia Su\u00e1rez de Zorroza","robots":{"index":"index","follow":"follow","max-snippet":"max-snippet:-1","max-image-preview":"max-image-preview:large","max-video-preview":"max-video-preview:-1"},"canonical":"https:\/\/micolegiocomfatolima.edu.co\/index.php\/marco-normativo\/","og_locale":"es_ES","og_type":"article","og_title":"Marco Normativo - colegio comfatolima Ana Julia Su\u00e1rez de Zorroza","og_description":"El Colegio Comfatolima \u201cAna Julia Suarez de Zorroza\u201d comprometido con la formaci\u00f3n de ni\u00f1os, adolescentes y j\u00f3venes apropiados de conciencia ecol\u00f3gica, brinda una educaci\u00f3n integral y de calidad en los niveles de educaci\u00f3n formal (Preescolar, b\u00e1sica y media) mediante propuestas pedag\u00f3gicas participativas, contextualizadas e innovadoras que llevan a la formaci\u00f3n de las competencias cognitivas, afectivas [&hellip;]","og_url":"https:\/\/micolegiocomfatolima.edu.co\/index.php\/marco-normativo\/","og_site_name":"colegio comfatolima Ana Julia Su\u00e1rez de Zorroza","article_modified_time":"2026-04-08T15:36:04+00:00","og_image":[{"width":2048,"height":1536,"url":"https:\/\/micolegiocomfatolima.edu.co\/wp-content\/uploads\/2026\/04\/IMG_20260407_111911105_HDR.jpg","type":"image\/jpeg"}],"twitter_card":"summary_large_image","twitter_misc":{"Tiempo de lectura":"1 minuto"},"schema":{"@context":"https:\/\/schema.org","@graph":[{"@type":"WebPage","@id":"https:\/\/micolegiocomfatolima.edu.co\/index.php\/marco-normativo\/","url":"https:\/\/micolegiocomfatolima.edu.co\/index.php\/marco-normativo\/","name":"Marco Normativo - colegio comfatolima Ana Julia Su\u00e1rez de Zorroza","isPartOf":{"@id":"https:\/\/micolegiocomfatolima.edu.co\/#website"},"primaryImageOfPage":{"@id":"https:\/\/micolegiocomfatolima.edu.co\/index.php\/marco-normativo\/#primaryimage"},"image":{"@id":"https:\/\/micolegiocomfatolima.edu.co\/index.php\/marco-normativo\/#primaryimage"},"thumbnailUrl":"https:\/\/micolegiocomfatolima.edu.co\/wp-content\/uploads\/2026\/04\/IMG_20260407_111911105_HDR.jpg","datePublished":"2026-04-07T22:54:14+00:00","dateModified":"2026-04-08T15:36:04+00:00","breadcrumb":{"@id":"https:\/\/micolegiocomfatolima.edu.co\/index.php\/marco-normativo\/#breadcrumb"},"inLanguage":"es","potentialAction":[{"@type":"ReadAction","target":["https:\/\/micolegiocomfatolima.edu.co\/index.php\/marco-normativo\/"]}]},{"@type":"ImageObject","inLanguage":"es","@id":"https:\/\/micolegiocomfatolima.edu.co\/index.php\/marco-normativo\/#primaryimage","url":"https:\/\/micolegiocomfatolima.edu.co\/wp-content\/uploads\/2026\/04\/IMG_20260407_111911105_HDR.jpg","contentUrl":"https:\/\/micolegiocomfatolima.edu.co\/wp-content\/uploads\/2026\/04\/IMG_20260407_111911105_HDR.jpg","width":2048,"height":1536,"caption":"Cancha sint\u00e9tica"},{"@type":"BreadcrumbList","@id":"https:\/\/micolegiocomfatolima.edu.co\/index.php\/marco-normativo\/#breadcrumb","itemListElement":[{"@type":"ListItem","position":1,"name":"Portada","item":"https:\/\/micolegiocomfatolima.edu.co\/"},{"@type":"ListItem","position":2,"name":"Marco Normativo"}]},{"@type":"WebSite","@id":"https:\/\/micolegiocomfatolima.edu.co\/#website","url":"https:\/\/micolegiocomfatolima.edu.co\/","name":"colegio comfatolima Ana Julia Su\u00e1rez de Zorroza","description":"","publisher":{"@id":"https:\/\/micolegiocomfatolima.edu.co\/#organization"},"potentialAction":[{"@type":"SearchAction","target":{"@type":"EntryPoint","urlTemplate":"https:\/\/micolegiocomfatolima.edu.co\/?s={search_term_string}"},"query-input":{"@type":"PropertyValueSpecification","valueRequired":true,"valueName":"search_term_string"}}],"inLanguage":"es"},{"@type":"Organization","@id":"https:\/\/micolegiocomfatolima.edu.co\/#organization","name":"colegio comfatolima Ana Julia Su\u00e1rez de Zorroza","url":"https:\/\/micolegiocomfatolima.edu.co\/","logo":{"@type":"ImageObject","inLanguage":"es","@id":"https:\/\/micolegiocomfatolima.edu.co\/#\/schema\/logo\/image\/","url":"https:\/\/micolegiocomfatolima.edu.co\/wp-content\/uploads\/2026\/04\/colegio-comfatolima.png","contentUrl":"https:\/\/micolegiocomfatolima.edu.co\/wp-content\/uploads\/2026\/04\/colegio-comfatolima.png","width":203,"height":150,"caption":"colegio comfatolima Ana Julia Su\u00e1rez de Zorroza"},"image":{"@id":"https:\/\/micolegiocomfatolima.edu.co\/#\/schema\/logo\/image\/"}}]}},"_links":{"self":[{"href":"https:\/\/micolegiocomfatolima.edu.co\/index.php\/wp-json\/wp\/v2\/pages\/69","targetHints":{"allow":["GET"]}}],"collection":[{"href":"https:\/\/micolegiocomfatolima.edu.co\/index.php\/wp-json\/wp\/v2\/pages"}],"about":[{"href":"https:\/\/micolegiocomfatolima.edu.co\/index.php\/wp-json\/wp\/v2\/types\/page"}],"author":[{"embeddable":true,"href":"https:\/\/micolegiocomfatolima.edu.co\/index.php\/wp-json\/wp\/v2\/users\/1"}],"replies":[{"embeddable":true,"href":"https:\/\/micolegiocomfatolima.edu.co\/index.php\/wp-json\/wp\/v2\/comments?post=69"}],"version-history":[{"count":1,"href":"https:\/\/micolegiocomfatolima.edu.co\/index.php\/wp-json\/wp\/v2\/pages\/69\/revisions"}],"predecessor-version":[{"id":93,"href":"https:\/\/micolegiocomfatolima.edu.co\/index.php\/wp-json\/wp\/v2\/pages\/69\/revisions\/93"}],"wp:featuredmedia":[{"embeddable":true,"href":"https:\/\/micolegiocomfatolima.edu.co\/index.php\/wp-json\/wp\/v2\/media\/52"}],"wp:attachment":[{"href":"https:\/\/micolegiocomfatolima.edu.co\/index.php\/wp-json\/wp\/v2\/media?parent=69"}],"curies":[{"name":"wp","href":"https:\/\/api.w.org\/{rel}","templated":true}]}}